76?
2, 5, 229
Let g = 10045 - 3604. List the prime factors of g.
3, 19, 113
Suppose 4*y = 4, 2*y + 4 = 3*x - 54. What are the prime factors of ((-208)/9*3)/(x/(-330))?
2, 11, 13
Let s be (25/(-10) - 0)*-12. Let g be 2/(-8) + 35/(-20). What are the prime factors of g/(-3) + 1600/s?
2, 3
Suppose -110*x = -106*x - 2*b - 11994, 5*x + b - 14975 = 0. List the prime factors of x.
2, 7, 107
Let z = -16 - -41. Let o be (-3)/(-2 - z/(-12)). What are the prime factors of (o/5)/(3/(-10))?
2, 3
Let a(j) = -411*j**3 + 8*j**2 + 22. What are the prime factors of a(-3)?
19, 31
Suppose -7*k + 3*k + 72 = 0. Suppose 108 = k*n - 14*n. Suppose -4*d = w + w - 34, -2*d = -w - n. What are the prime factors of d?
11
Let d be ((-9)/15)/(6/4)*-10. Suppose d*k - 5*l = -k + 2230, 2 = l. What are the prime factors of k?
2, 7
Let l be -3*8/(-12)*-1 + 969. Let g = l + -77. What are the prime factors of g?
2, 5, 89
Let h(r) = r**2 - 12*r + 39. Let s be h(6). Suppose -s*p + 6*p = 5*o - 2810, -3*o + 4*p + 1686 = 0. List the prime factors of o.
2, 281
Let s = -771 - -813. Let d(m) = m**3 - 39*m**2 - 88*m + 22. List the prime factors of d(s).
2, 809
Suppose 2*c - 4 = 0, 2*v - 49782 - 46190 = 4*c. What are the prime factors of v?
2, 5, 4799
Let v(n) = -3*n**2 + 170*n - 53. Let t be v(56). Suppose -2*d + 19*s - 14*s + t = 0, 5*d = -3*s + 163. What are the prime factors of d?
2
Let g be ((20/12)/5)/(2/36). Let t(j) = -9 + 12*j - g*j - 2*j + 13*j. List the prime factors of t(5).
2, 19
Suppose -343*x - 95*x + 17718887 = 11*x. What are the prime factors of x?
19, 31, 67
Suppose -943*z + 36 = -937*z. Let l(f) = 13. Let x(i) = i - 14. Let q(c) = 4*l(c) + 3*x(c). List the prime factors of q(z).
2, 7
Suppose 4*r - 4*c - 136832 = 4768, 0 = -5*r - 4*c + 177036. List the prime factors of r.
2, 53, 167
Let r(w) = 29*w + 46. Suppose -123 = -14*j - 11. List the prime factors of r(j).
2, 139
Suppose -k + 0*k - 5*j = -10, 3*j - 6 = 3*k. Suppose 3*l - 4*v - 2162 = 0, 2*l + k*l + v - 1434 = 0. What are the prime factors of l?
2, 359
List the prime factors of 5 + ((-453)/(-9))/((-9)/(8 + -7865)).
2, 7, 43, 73
Let l = 2835 - 1148. Let k be 2/(-1) + -2 + 6 + l. What are the prime factors of (-3)/(-27)*k + 2/6?
2, 47
Let i(o) = -287*o + 6119. What are the prime factors of i(-96)?
11, 3061
Suppose 15*i - 54420 - 42180 = 0. What are the prime factors of i?
2, 5, 7, 23
Suppose 20*u - 327424 = 103756. List the prime factors of u.
21559
Let t = 27202 + -7037. List the prime factors of t.
5, 37, 109
Suppose 47*z - 28*z = 326572. List the prime factors of z.
2, 4297
Let g = -111 - -110. Let o(c) = 4696*c**2. Let i be o(g). Suppose 1378 = -14*l + i. List the prime factors of l.
3, 79
Let k = -6768 - -9958. List the prime factors of k.
2, 5, 11, 29
Let n(i) = i + 3. Let b = -35 + 36. List the prime factors of n(b).
2
Let y = -35 + 108. Let b = -69 + y. Suppose -l - z - 490 = -b*l, -l - 3*z = -170. List the prime factors of l.
2, 41
Suppose w + 3*o = -4 - 0, -5*w + 31 = -2*o. Suppose -3*i + 3 = 2*h - 48, -72 = -w*i + h. List the prime factors of (-504)/(-10) - (2 + (-24)/i).
2, 5
Let h(p) = 46*p + 78. Let k be h(-13). Let j = 917 + k. What are the prime factors of j?
397
Suppose 11*b + 181 = -952. Let s = b + 248. List the prime factors of s.
5, 29
Suppose -210*m - 210630 = -227*m. What are the prime factors of m?
2, 3, 5, 7, 59
Let o(a) = 56*a - 56. Let m be o(8). Let d = m + 69. List the prime factors of d.
461
Let s be (4/6 - 84/(-63))*-3. List the prime factors of ((-32)/s - 4)/((-2)/(-423)).
2, 3, 47
List the prime factors of 162150/10 + (12/(-4))/(-3).
2, 2027
Suppose -5 = r + 5. List the prime factors of -563*(-2)/r*(29 - 34).
563
Let j be 2/((-32)/4) + 135/(-20). Let m(k) = 64*k**2 + 14*k - 17. Let s be m(j). Suppose -26*u = -7*u - s. What are the prime factors of u?
3, 53
Let m = -7428 + 22376. What are the prime factors of m?
2, 37, 101
Suppose 119*b - 116*b = 12. Suppose -2*c = 10, 0*z + 2*c = -b*z + 1202. What are the prime factors of z?
3, 101
Let g = -5636 + 12609. List the prime factors of g.
19, 367
Let k(b) = b**3 - 4*b**2 - 5*b - 12. Let v be k(6). Let s = 0 + v. Let i = 79 - s. What are the prime factors of i?
7
Let c(v) = -71*v**2 + 4*v + 3. Let z be c(-1). Let d = -12 - z. Suppose 5*y = 5*a - 280, 0*a + y - d = -a. What are the prime factors of a?
2, 29
Suppose 0 = -2*m + 7*m - 5200. Suppose 5*v = 15*v - m. What are the prime factors of v?
2, 13
Suppose -519*d + 524*d + b = 160057, 128020 = 4*d + 4*b. What are the prime factors of d?
3, 3557
Let t(f) = -f**3 - 5*f**2 - 3*f + 2. Let g be t(-4). Let h(k) = -k**2 + k + 4. Let m be h(g). List the prime factors of ((-1065)/10 - 5)*m.
223
Suppose 7*k + 31164 = 14*k. Suppose -10*w = -17*w + k. What are the prime factors of w?
2, 3, 53
Let t(u) = 31*u**2 + 37*u - 693. List the prime factors of t(15).
3, 43, 53
Suppose 3*n = -2*n + 30. Suppose 50 = n*b + 14. Suppose b*g + 190 = 5*d + g, 0 = -3*d + 4*g + 112. What are the prime factors of d?
2, 5
Let r(o) = -15*o + 25. Let l be r(2). Let u(p) = p**2 - 14. Let i be u(l). Suppose 0*j - i*j = -2167. List the prime factors of j.
197
Let n(a) = -5*a**3 + 7*a**2 + 4*a + 6. Let x be n(-5). Suppose 3*s + u = -10 - 13, -3 = -s - 3*u. What are the prime factors of (3/s)/((-2)/x)?
131
Suppose 3*l + 2*f = -0*l + 778, -4*f = -4*l + 1064. Suppose -v - 3077 = -5*b, -v + l = 3*b - 1581. List the prime factors of b.
3, 5, 41
Let b = 531 - 572. Let i = 305 + b. What are the prime factors of i?
2, 3, 11
Let i = -72 + 71. What are the prime factors of 121 - ((0 - i) + -1)?
11
List the prime factors of (-15)/((-30)/31342) + -19.
2, 7, 13, 43
Let g(a) = a**3 - a**2 - 3*a + 2. Let b be g(2). Suppose 2*p = 4*v - 324 - 1018, b = -2*v + 3*p + 681. Suppose 0 = 4*f - v + 49. List the prime factors of f.
71
Let i(x) = 2*x**2 - 13*x + 28. Let u be i(4). Suppose -n + 2*b + 651 = 0, u*b - 6*b = 4*n - 2598. What are the prime factors of n?
11, 59
Let c be (-5)/((-45)/(-3))*(-1 - 5). Let a = 177 + c. What are the prime factors of a?
179
Let q = 2222 - -33750. List the prime factors of q.
2, 17, 23
Let s be 8/20 - 39/30*-362. Suppose -2*g = -5*u + 2798, -4*g + 653 + s = 2*u. List the prime factors of u.
2, 5, 7
Let r be ((-55)/33)/((-10)/18). Let b = 7 - r. What are the prime factors of b?
2
Let t(h) = -6*h**3 - 14*h**2 + 21*h + 666. List the prime factors of t(-15).
3, 7, 277
Suppose 0 = 128*g - 310260 - 49548. What are the prime factors of g?
3, 937
Let z be (-2 + 0/(-6) + 3)*-19. List the prime factors of (-2261 - -1)/(-2) - (z + 18).
3, 13, 29
Let n(g) = -g**3 + 5*g**2 + 8*g - 18. Let q be n(-4). Let b = q - -67. List the prime factors of b.
7, 23
Let a(w) = 24*w**2 - 689*w - 10662. List the prime factors of a(-15).
3, 19, 89
What are the prime factors of 645170/230 - (-10)/(-2) - 8/92?
2, 5, 7
Let j(r) = 0*r - 6*r - 8 + 2*r + 0*r. Let h be j(-2). Suppose h*q + 3*q - 2*x - 762 = 0, -3*q + 3*x = -762. List the prime factors of q.
2, 127
Let l = -177 - -177. Suppose -2*r - 4*j = -l*r - 602, -j = 3*r - 883. What are the prime factors of r?
293
Let q(l) = -12 - 111759*l + 111627*l - 152. What are the prime factors of q(-5)?
2, 31
Suppose -5*j = a - 9841, 10*j - 5923 = 7*j + 4*a. Let i = j - 961. List the prime factors of i.
2, 3, 7
Let h(p) = 313*p**2 + 46*p - 84. List the prime factors of h(2).
2, 3, 5, 7
Let p(g) = g**3 + 9*g**2 + 14*g**2 + 24 + 19*g**2 - 39*g - 25*g**2. What are the prime factors of p(-18)?
2, 3, 67
Let y = -12385 + 18582. List the prime factors of y.
6197
Suppose 2*c - 9*c + 329 = 0. Suppose -c = -4*k - 27. Suppose k*a + 4 = a, 0 = -4*n - a + 19. What are the prime factors of n?
5
Let n be (-82)/3*24/(-16). Suppose -19*b = -n*b + 26532. List the prime factors of b.
2, 3, 67
Suppose w - 2 = 3. Suppose -2*n + 0*n = w*p + 21, -15 = 5*n + 5*p. Suppose 4*i - 246 = -n*i. List the prime factors of i.
41
Let h(g) = g**3 - 5*g**2 - 8*g + 7. Let b be h(6). Let o(f) = -154 + 301 + 6*f - 2*f**2 + 4*f**3 - 150 - 6*f**3. What are the prime factors of o(b)?
167
Suppose -y = 3*n - 16977, -3*n = -4*y - 7*n + 67892. List the prime factors of y.
3, 5657
Let s be (-259)/((-7 - -1)/12). Let k = -245 + s. List the prime factors of k.
3, 7, 13
Suppose 2*v = t + 22, -19*t + 18*t = 4*v - 32. Let o(l) be the third derivative of l**4/6 + 